ate 9 - (-74 + 41) - 14.
28
Evaluate 6 + 3 + -7 + -1 + -5 + 1.
-3
Calculate (8 - 40) + (1 - -4) + 0 + 8.
-19
Evaluate 9 - ((8 + -5 - 11) + 24).
-7
Calculate 3 - -2 - ((10 - (-8 + 5)) + 7).
-15
What is -26 + (9 - (-9 + 29))?
-37
Evaluate 1 + 8 - (24 + (-17 - -4)).
-2
Calculate -8 + -7 + 10 + 5.
0
What is the value of -8 - (-6 - 6) - (-8 + 3)?
9
34 + (-4 - 16) + -25
-11
Calculate -25 - (-8 + 5 + -19).
-3
What is 15 + -15 + 12 - (-7 + 2 - -1)?
16
Calculate (4 - 4) + -7 - -4.
-3
Calculate -439 + 447 - (0 + (1 - -2 - -2)).
3
Evaluate (-6 - ((5 - 0) + (3 - 2))) + -9.
-21
What is (13 - 4) + -1 + (-14 - (-4 - 6))?
4
Calculate 5 + (0 + 17 + -16 - (0 + 0)).
6
Evaluate -1 + (3 - 3) - ((2 - 12) + 31).
-22
Evaluate (8 + -4 - -4) + 6 + 1 + 5.
20
Evaluate -5 + 0 - (-17 - (-10 + 19 + -14)).
7
3092 + -3093 - (34 - (1 + -1))
-35
Calculate -1 + (3 - -11) - 12.
1
-8 - (-5 + (-3 - -7) - 5) - -1
-1
What is (-7 - (7 - 24) - 5) + (-2 - -5)?
8
What is the value of (26 - (12 - -6)) + (-3 - -1 - 23)?
-17
(6 - (-2 - (5 - 3))) + -25
-15
Calculate -12 + (66 - 18) + -58.
-22
What is -12 + 4 + -7 + 5 - (3 + -15)?
2
What is the value of 2 + (16 - 13 - -3) + -9?
-1
What is 1 - 10 - ((29 + -14 - 15) + 5)?
-14
Calculate 5 + -19 + (2 - -1).
-11
What is the value of -4 - (-4 - (-9 - -7)) - (-1 + 1)?
-2
(0 - (2 + (-8 - -16))) + 7
-3
What is -39 + -1 + (214 - 198)?
-24
What is the value of (1 - -46) + -483 + 457?
21
What is the value of (-6 - -18) + (5 - 15) - 14?
-12
Calculate 11 - (61 - 57 - (-12 - -1)).
-4
2 + -21 + (68 - 58)
-9
Calculate (0 - 5) + -1 + 10 + 0 + -18.
-14
What is the value of 19 + (1 - -1) + (30 - 21) + -5?
25
What is -1 - -15 - (232 - 222) - (19 + 0)?
-15
Evaluate 6 - (2 + 2) - (-1 - (-11 + 7)).
-1
Calculate -7 - (-3 + (-3 - -2 - -6) + -2).
-7
Calculate -48 + 49 + (4 - 1) + 3.
7
Evaluate (16 + -11 - 8 - 7) + 9.
-1
What is 14 + -26 + (40 - -4) + -3 + -10?
19
What is (1 - (24 + -10)) + 4?
-9
Calculate 32 - (-10 + (80 - 34)).
-4
7 + -7 + 1 - (-2 - -10)
-7
What is 11 - (-1 + (15 - 9)) - 33?
-27
Evaluate 14 + (102 - 149 - (-11 + 0)).
-22
Calculate (4 - 22) + 0 - (-31 + 30).
-17
Evaluate (-13 - -28 - 1) + -1.
13
What is the value of -30 + 25 - -3 - 5?
-7
2 + 10 + (15 - 21 - -10)
16
What is the value of (4 - 14 - 0) + 1 + 8?
-1
What is -7 + 3 + 4 + -4 - 10?
-14
-3 + 0 - (22 + (-11 - 5))
-9
-8 + 0 + (-7 - -12 - 8) + -6
-17
Evaluate 2 - ((3 - (-3 - -9)) + 22 + -7).
-10
14 - (30 + (-20 - 9) + 16)
-3
19 + -35 + (0 - -7 - 11)
-20
What is the value of -1 + (1 - 9) + -12 + 15 + -26?
-32
Calculate -1 - -6 - (-4 + 0 - 2).
11
What is 1 + (-2 + 0 + 10 - 28 - -9)?
-10
Calculate 9 + -5 - (23 - 29).
10
Evaluate 24 + 9 + -62 + 33.
4
Evaluate (1 - 7) + (-2 - (2 - (9 - -1))).
0
Evaluate (4 - -5 - 9) + 6 - 29.
-23
What is 10 + -12 + -2 + 2 + (2 - 6)?
-6
Calculate (23 - -4) + (-7 - (-5 + 1 - -6)).
18
What is the value of -95 - -110 - (1 + (2 - -1) + -2)?
13
What is the value of -3 + 3 + (46 - 36) + 11?
21
-10 + (24 - (25 + -13)) - 17
-15
What is -30 + -3 + 4 - (8 + -15 + 3)?
-25
-11 + -7 + 27 + -14 - (2 - 1)
-6
26 + -21 - 17 - -12
0
Calculate -4 - (-13 + 14 + (8 - (-12 - -24))).
-1
What is 13 + (-3 - -10) + -83 + 55?
-8
What is the value of (-208 - -217) + -2 + -2 + -2?
3
-22 + 7 + -21 + 43
7
11 - -4 - -6 - 14
7
What is the value of (-108 - -65 - (0 + -4)) + 3 + 5?
-31
10 + (-20 + 12 - 2 - -15)
15
What is the value of 4 + -5 + -4 - (-68 + 50)?
13
Calculate -1 + (-9 - -1) - (86 - 11 - 86).
2
What is 10 + -35 - (-26 - -11)?
-10
Evaluate -34 + (31 - 13) + 29.
13
Evaluate (8 - 0) + -22 + 3 + 12.
1
-18 + 1 + (-36 - (-15 - 33))
-5
What is the value of 7 - 1 - ((-6 - -5) + -4 + 20)?
-9
What is (15 - (-1 + 5)) + -10 + 11 + -7?
5
Evaluate (-30 - (7 + -2)) + 25.
-10
3 + (-4 + 5 - 6) + -7
-9
Evaluate (3 - (-7 + 14 + -7)) + -5.
-2
Calculate -6 - (1 - 1) - (22 + -38 - -17).
-7
What is 7 - (-1 + 3 - (-1 - (-14 - -7)))?
11
What is (-50 - (0 + 16 - 18)) + (-5 - -13)?
-40
Evaluate -2 - (-8 + 4 - -10).
-8
What is (-1 - 6) + (16 - 6 - 4)?
-1
Evaluate -11 - -23 - (3 - -6) - (-1 + 0).
4
What is (34 + -7 - -6) + (-6 - -1) - 9?
19
Calculate 11 + (-29 - -5) + 30.
17
Calculate -1 + -12 + 84 + -78.
-7
What is -12 + (22 - (4 - -6))?
0
(-1 - -11 - 42) + (-1 - -4) + -4
-33
(-7 - -17) + -9 + (-7 - -3)
-3
What is the value of -323 + 321 - (1 - 13)?
10
(-32 - -11) + (30 - 9)
0
Evaluate -24 + (-17 - -31) - -6.
-4
Evaluate (-2 - (-16 + 10 - -3)) + -4.
-3
Calculate 29 + (-11 + (6 - -9) - 1) + -6.
26
What is the value of 6 + 1 + -20 + 30?
17
What is -1 - -42 - (25 - 12)?
28
What is the value of 14 + 35 + -17 + -15?
17
Evaluate -997 + 1014 - (-1 + 0 + 9).
9
13 + 13 + -34 + -4 + -12
-24
Calculate (2 + 7 + -20 - -7) + (-5 - 1).
-10
-9 - (-69 - -23 - -26)
11
(34 - 56) + -5 + 13
-14
Calculate 2 - -4 - (0 + (-3 + -3 - -4)).
8
What is -1 - -4 - (-3 + 0 - (-3 + -2))?
1
Calculate 3 - (6 + 19) - (-2 - 9).
-11
Calculate 4 - (21 + (-4 - -5) - (-4 - -5)).
-17
Calculate (514 - 507) + (0 - 4).
3
What is -4 + (0 - 2) + 11 + -1?
4
Evaluate -8 + (32 - 18 - -2) - -14.
22
(21 - 25) + 4 - (-1 + 3)
-2
What is the value of 1528 + -1519 + -23 + 1?
-13
(-6 + 9 - -3) + -5 + -9 + 8
0
What is -25 - (10 + -24 + -2)?
-9
What is -2 - (5 - (-4 + 6 + -2))?
-7
Calculate 5 + 6 + -3 + -3 + 15 + -7.
13
Calculate -6 - ((-6 + 10 + 16 - 7) + -4).
-15
What is -290 + 264 - (-57 + -1)?
32
What is (7 - (6 + -3)) + (1 - (12 - 6))?
-1
Evaluate (45 + -33 - 9) + (1 - -4).
8
Calculate (1 - 21 - (-61 - -51)) + -1.
-11
What is the value of -28 + (-35 - (-38 - 6))?
-19
Calculate (-3 - 23 - -32) + -1 + -10.
-5
Evaluate 1 + -1 + (1 - 0) - 9.
-8
What is 2 + 1 + (-26 - (-18 - 5))?
0
Calculate 14 + -35 + 5 - 11.
-27
-16 + 2 + (11 - (10 + -1)) + -1
-13
What is the value of (-2 - -5 - -6) + -2 + -1?
6
-1 + -11 - (-28 + (8 - -43))
-35
Calculate -30 + 50 - (26 + 6).
-12
What is the value of -30 - (-7 + 19 + -24 + -2)?
-16
(14 - (32 - 18)) + -9 + -1 + 7
-3
What is the value of -80 + 34 + 38 - (-1 + -3)?
-4
Evaluate 8 + (-9 - (-8 + 1 + -1) - -1).
8
Calculate (12 - (18 - 12) - (-1 + 21)) + 4.
-10
Evaluate 9 + 14 + (-1 + 4 - 2 - 7).
17
Calculate (-3 - -3) + 5 + -4 + 6.
7
Calculate -8 + 1 - (7 + -19 + 5).
0
Evaluate -11 + -3 + (-87 - -97).
-4
23 - (19 - -21) - (1 + -5)
-13
Evaluate 9 - (1 - 0) - (-15 - -4).
19
Evaluate -46 + 0 + (16 - -11 - 15) - -12.
-22
What is the value of -22 + 31 + -8 + -1?
0
-11 + (-10 - -17 - 9) + 30
17
What is the value of -11 + (5 - 4 - 20)?
-30
Calculate 12 - (-14 - -47 - 8).
-13
What is -10 + 65 + -28 + -19?
8
What is the value of (-1 - (13 - 7 - 12)) + 40 + -41?
4
Calculate -7 + 3 + -7 - (111 - 125).
3
What is (-39 - (5 + -13)) + 7 - (-5 - 0)?
-19
Evaluate -1 - ((-14 - (-15 - -7)) + (1 - 0)).
4
What is 8 + -23 + -5 + 7 + 1?
-12
What is 8 + (0 + (1 - (10 - 2)) - -10)?
11
Evaluate 7 - (-5 + -1 + (-24 - -51)).
-14
What is -20 + (22 - (2 - -6))?
-6
What is (6 - 21) + 8 + -14 + 9?
-12
(4 - -4 - (23 + -12)) + -15
-18
Calculate 9 + -3 + 0 + (13 - 0 - 15).
4
Calculate (9 - (2 - -1)) + (-11 - -14) + 6.
15
Evaluate 8 - (-6 + (-2 - 11 - -11)).
16
13 + 7 + -7 + -28
-15
6 + -2 + -11 + (7 - 5) + 3
-2
Calculate -15 + 14 + 2 + 24.
25
What is (3 + (0 - -8) - 6) + -21?
-16
(9 - 3) + -8 + 7 + -4 + 14
15
Calculate 20 - (6 + 8) - (-1 + (0 - 1)).
8
-68 + 45 - (-20 - 3)
0
Calculate -10 + 16 + -15 - -21.
12
What is (8 - 0) + (21 - 7) + -8 + 0?
14
Calculate 23 - (-7 + 1 - (12 - 23)).
18
What is the value of (92 - 98) + (-3 - (3 - 2)) + -1?
-11
Calculate -9 - (3 - (8 + (-9 - -11) - -4)).
2
What is the value of (7 - (0 + 6)) + (-76 - -80)?
5
What is the value of 3037 - 3061 - (-11 - (1 + -1))?
-13
Evaluate (22 + -16 - 24) + 24.
6
Evaluate 4 + 16 + (-1 - 28).
-9
What is the value of -8 - (24 - 53 - (0 - 0) - -2)?
19
Calculate 18 + 1 + -26 + -10.
-17
What is the value of -7 - -3 - -9 - 4 - 2 - -1?
0
Evaluate -9 + (5 - 9) + (-4 + 2 - 3).
-18
Calculate -27 - ((-60 - -30) + 12).
-9
(19 - (-15 + 7)) + -28
-1
Calculate -24 - (-4 + (11 - (26 - 12))).
-17
Calculate -5 + (15 - 25 - -16) - (0 - 7).
8
5 - 0 - (19 - 22)
8
What is -5 + 0 + (19 - 25 - (1 + -4))?
-8
What is -2 - ((-5 - (2 + -3)) + 11 - 12)?
3
Evaluate (-16 + -18 - -43) + (0 - -7).
16
Calculate -119 - -113 - ((15 - 1) + 4 + -2).
-22
What is the value of -169 + 202 - (14 + 1)?
18
Evaluate (8 + -14 - (-1 + 0)) + (66 - 67).
-6
Calcula